2
What is the remainder when 2552 is divided by 7?
4
Calculate the remainder when 265 is divided by 28.
13
Calculate the remainder when 1723 is divided by 216.
211
What is the remainder when 870 is divided by 85?
20
Calculate the remainder when 59 is divided by 46.
13
What is the remainder when 1455 is divided by 31?
29
Calculate the remainder when 4319 is divided by 120.
119
What is the remainder when 53 is divided by 26?
1
What is the remainder when 1062 is divided by 26?
22
Calculate the remainder when 16 is divided by 6.
4
Calculate the remainder when 2014 is divided by 72.
70
Calculate the remainder when 744 is divided by 107.
102
Calculate the remainder when 505 is divided by 58.
41
Calculate the remainder when 125 is divided by 31.
1
What is the remainder when 2897 is divided by 33?
26
What is the remainder when 4182 is divided by 89?
88
Calculate the remainder when 832 is divided by 34.
16
What is the remainder when 4451 is divided by 21?
20
Calculate the remainder when 80 is divided by 49.
31
What is the remainder when 340 is divided by 335?
5
What is the remainder when 43 is divided by 4?
3
Calculate the remainder when 95 is divided by 18.
5
What is the remainder when 126 is divided by 34?
24
Calculate the remainder when 105 is divided by 28.
21
Calculate the remainder when 601 is divided by 405.
196
What is the remainder when 896 is divided by 297?
5
Calculate the remainder when 2577 is divided by 15.
12
Calculate the remainder when 515 is divided by 166.
17
What is the remainder when 520 is divided by 106?
96
What is the remainder when 594 is divided by 2?
0
Calculate the remainder when 790 is divided by 24.
22
What is the remainder when 1144 is divided by 229?
228
Calculate the remainder when 1139 is divided by 535.
69
Calculate the remainder when 1772 is divided by 198.
188
What is the remainder when 265 is divided by 9?
4
Calculate the remainder when 23 is divided by 8.
7
Calculate the remainder when 598 is divided by 585.
13
Calculate the remainder when 320 is divided by 13.
8
What is the remainder when 403 is divided by 197?
9
What is the remainder when 79 is divided by 15?
4
Calculate the remainder when 8975 is divided by 67.
64
What is the remainder when 170 is divided by 9?
8
Calculate the remainder when 56 is divided by 19.
18
What is the remainder when 48 is divided by 7?
6
Calculate the remainder when 1072 is divided by 77.
71
Calculate the remainder when 1957 is divided by 164.
153
What is the remainder when 14 is divided by 14?
0
Calculate the remainder when 7188 is divided by 47.
44
What is the remainder when 3075 is divided by 81?
78
What is the remainder when 53 is divided by 15?
8
What is the remainder when 388 is divided by 17?
14
What is the remainder when 540 is divided by 249?
42
What is the remainder when 346 is divided by 119?
108
What is the remainder when 181 is divided by 38?
29
What is the remainder when 64957 is divided by 70?
67
What is the remainder when 2506 is divided by 209?
207
What is the remainder when 8682 is divided by 119?
114
What is the remainder when 22703 is divided by 129?
128
Calculate the remainder when 515 is divided by 29.
22
Calculate the remainder when 2096 is divided by 299.
3
What is the remainder when 159 is divided by 42?
33
Calculate the remainder when 132 is divided by 38.
18
Calculate the remainder when 158 is divided by 13.
2
Calculate the remainder when 5323 is divided by 152.
3
Calculate the remainder when 32 is divided by 3.
2
What is the remainder when 926 is divided by 308?
2
What is the remainder when 85 is divided by 6?
1
What is the remainder when 377 is divided by 21?
20
What is the remainder when 164 is divided by 14?
10
Calculate the remainder when 2521 is divided by 97.
96
Calculate the remainder when 2613 is divided by 46.
37
What is the remainder when 1040 is divided by 95?
90
What is the remainder when 2027 is divided by 156?
155
What is the remainder when 711 is divided by 51?
48
What is the remainder when 51 is divided by 38?
13
What is the remainder when 971 is divided by 36?
35
Calculate the remainder when 699 is divided by 218.
45
What is the remainder when 127 is divided by 58?
11
Calculate the remainder when 11571 is divided by 17.
11
Calculate the remainder when 240 is divided by 38.
12
Calculate the remainder when 459 is divided by 22.
19
What is the remainder when 455 is divided by 57?
56
What is the remainder when 420 is divided by 9?
6
Calculate the remainder when 68 is divided by 40.
28
Calculate the remainder when 12 is divided by 8.
4
Calculate the remainder when 431 is divided by 17.
6
Calculate the remainder when 5159 is divided by 120.
119
What is the remainder when 74 is divided by 23?
5
Calculate the remainder when 742 is divided by 155.
122
Calculate the remainder when 72 is divided by 16.
8
Calculate the remainder when 928 is divided by 49.
46
What is the remainder when 61 is divided by 18?
7
What is the remainder when 2 is divided by 1?
0
Calculate the remainder when 139 is divided by 35.
34
Calculate the remainder when 54 is divided by 51.
3
Calculate the remainder when 4718 is divided by 20.
18
Calculate the remainder when 135 is divided by 50.
35
What is the remainder when 685 is divided by 247?
191
Calculate the remainder when 270 is divided by 88.
6
Calculate the remainder when 8836 is divided by 21.
16
What is the remainder when 468 is divided by 34?
26
What is the remainder when 6830 is divided by 7?
5
Calculate the remainder when 51 is divided by 15.
6
Calculate the remainder when 711 is divided by 31.
29
Calculate the remainder when 1450 is divided by 40.
10
What is the remainder when 568 is divided by 83?
70
Calculate the remainder when 1191 is divided by 16.
7
Calculate the remainder when 637 is divided by 179.
100
Calculate the remainder when 4617 is divided by 154.
151
What is the remainder when 6913 is divided by 26?
23
What is the remainder when 237 is divided by 45?
12
Calculate the remainder when 85 is divided by 13.
7
What is the remainder when 602 is divided by 21?
14
What is the remainder when 6045 is divided by 96?
93
What is the remainder when 281 is divided by 100?
81
Calculate the remainder when 2234 is divided by 187.
177
Calculate the remainder when 1887 is divided by 27.
24
What is the remainder when 285 is divided by 48?
45
What is the remainder when 1091 is divided by 20?
11
What is the remainder when 7774 is divided by 11?
8
What is the remainder when 791 is divided by 30?
11
Calculate the remainder when 3453 is divided by 387.
357
What is the remainder when 314 is divided by 128?
58
Calculate the remainder when 5639 is divided by 33.
29
What is the remainder when 342 is divided by 43?
41
Calculate the remainder when 757 is divided by 19.
16
What is the remainder when 5559 is divided by 121?
114
What is the remainder when 723 is divided by 22?
19
Calculate the remainder when 99 is divided by 31.
6
Calculate the remainder when 119 is divided by 41.
37
Calculate the remainder when 11 is divided by 6.
5
What is the remainder when 462 is divided by 16?
14
What is the remainder when 755 is divided by 54?
53
Calculate the remainder when 1848 is divided by 113.
40
Calculate the remainder when 719 is divided by 15.
14
What is the remainder when 794 is divided by 80?
74
Calculate the remainder when 55 is divided by 3.
1
Calculate the remainder when 16 is divided by 6.
4
Calculate the remainder when 99 is divided by 10.
9
Calculate the remainder when 131 is divided by 93.
38
What is the remainder when 423 is divided by 85?
83
Calculate the remainder when 979 is divided by 49.
48
What is the remainder when 570 is divided by 22?
20
What is the remainder when 1237 is divided by 20?
17
Calculate the remainder when 1057 is divided by 23.
22
What is the remainder when 456 is divided by 117?
105
What is the remainder when 355 is divided by 11?
3
What is the remainder when 7830 is divided by 8?
6
Calculate the remainder when 1083 is divided by 68.
63
Calculate the remainder when 482 is divided by 150.
32
Calculate the remainder when 64 is divided by 14.
8
What is the remainder when 3026 is divided by 44?
34
What is the remainder when 130 is divided by 45?
40
What is the remainder when 440 is divided by 48?
8
What is the 